{"id":21,"date":"2014-12-16T10:39:30","date_gmt":"2014-12-16T10:39:30","guid":{"rendered":"http:\/\/localhost:8080\/wordpress\/?page_id=21"},"modified":"2015-03-31T18:30:38","modified_gmt":"2015-03-31T18:30:38","slug":"ueber-mich","status":"publish","type":"page","link":"https:\/\/mgr-damien.fr\/?page_id=21","title":{"rendered":"\u00dcber mich"},"content":{"rendered":"<p>Geb\u00fcrtig in Petite-Roselle (Frankreich\/Lothringen), wurde ich an Pfingsten 1978 von Mgr Patrick Truchemotte in Bordeaux zum Priester geweiht.<br \/>\nAls Arbeiterpriester sowohl in Frankreich als auch im Ausland widme ich mich humanit\u00e4ren, sozialen und spirituellen Zielen.<br \/>\nIch bin in der ganzen Welt f\u00fcr meine zahlreichen Konferenzen bekannt geworden.<br \/>\nAm Tag meines 50. Geburtstages, am 18.2.1996, wurde ich in der Kathedrale Saint-Rita in Paris durch Erzbischof Philippe Dominique, Patriarch der Katholisch Gallikanischen Kirche von Paris, zum Bischof geweiht und zur Verwaltung des Bistums Elsass-Lothringen berufen.<br \/>\nMessen halte ich in meiner Kapelle Saint-Dominique in Spicheren ab.<br \/>\nDabei muss erw\u00e4hnt werden, dass die Katholisch Gallikanische Kirche autonom ist und sich daher selbst verwaltet.<br \/>\nSie unterscheidet sich insbesondere dahingehend von der R\u00f6misch Katholischen Kirche, weil sie die Vormachtstellung aller Bisch\u00f6fe \u00fcber die Person des Papstes stellt und die \u201eUnfehlbarkeit des Papstes\u201c nicht anerkennt.<br \/>\nMein Wunsch ist es, mich weiterhin f\u00fcr einen \u00f6kumenischen Austausch mit allen Religionen einzusetzen zur Erbauung einer besseren Welt, wo das Gebot Jesus Christ (liebe deinen N\u00e4chsten) \u00fcber allen menschlichen Unterscheidungen steht.<\/p>\n","protected":false},"excerpt":{"rendered":"<p>Geb\u00fcrtig in Petite-Roselle (Frankreich\/Lothringen), wurde ich an Pfingsten 1978 von Mgr Patrick Truchemotte in Bordeaux zum Priester geweiht.<br \/>\nAls Arbeiterpriester sowohl in Frankreich als auch im Ausland widme ich mich humanit\u00e4ren, sozialen und spiri&#8230;<\/p>\n","protected":false},"author":2,"featured_media":0,"parent":0,"menu_order":3,"comment_status":"open","ping_status":"open","template":"","meta":[],"_links":{"self":[{"href":"https:\/\/mgr-damien.fr\/index.php?rest_route=\/wp\/v2\/pages\/21"}],"collection":[{"href":"https:\/\/mgr-damien.fr\/index.php?rest_route=\/wp\/v2\/pages"}],"about":[{"href":"https:\/\/mgr-damien.fr\/index.php?rest_route=\/wp\/v2\/types\/page"}],"author":[{"embeddable":true,"href":"https:\/\/mgr-damien.fr\/index.php?rest_route=\/wp\/v2\/users\/2"}],"replies":[{"embeddable":true,"href":"https:\/\/mgr-damien.fr\/index.php?rest_route=%2Fwp%2Fv2%2Fcomments&post=21"}],"version-history":[{"count":13,"href":"https:\/\/mgr-damien.fr\/index.php?rest_route=\/wp\/v2\/pages\/21\/revisions"}],"predecessor-version":[{"id":231,"href":"https:\/\/mgr-damien.fr\/index.php?rest_route=\/wp\/v2\/pages\/21\/revisions\/231"}],"wp:attachment":[{"href":"https:\/\/mgr-damien.fr\/index.php?rest_route=%2Fwp%2Fv2%2Fmedia&parent=21"}],"curies":[{"name":"wp","href":"https:\/\/api.w.org\/{rel}","templated":true}]}}

Über mich

<p>Gebürtig in Petite-Roselle (Frankreich/Lothringen), wurde ich an Pfingsten 1978 von Mgr Patrick Truchemotte in Bordeaux zum Priester geweiht.<br />
Als Arbeiterpriester sowohl in Frankreich als auch im Ausland widme ich mich humanitären, sozialen und spirituellen Zielen.<br />
Ich bin in der ganzen Welt für meine zahlreichen Konferenzen bekannt geworden.<br />
Am Tag meines 50. Geburtstages, am 18.2.1996, wurde ich in der Kathedrale Saint-Rita in Paris durch Erzbischof Philippe Dominique, Patriarch der Katholisch Gallikanischen Kirche von Paris, zum Bischof geweiht und zur Verwaltung des Bistums Elsass-Lothringen berufen.<br />
Messen halte ich in meiner Kapelle Saint-Dominique in Spicheren ab.<br />
Dabei muss erwähnt werden, dass die Katholisch Gallikanische Kirche autonom ist und sich daher selbst verwaltet.<br />
Sie unterscheidet sich insbesondere dahingehend von der Römisch Katholischen Kirche, weil sie die Vormachtstellung aller Bischöfe über die Person des Papstes stellt und die „Unfehlbarkeit des Papstes“ nicht anerkennt.<br />
Mein Wunsch ist es, mich weiterhin für einen ökumenischen Austausch mit allen Religionen einzusetzen zur Erbauung einer besseren Welt, wo das Gebot Jesus Christ (liebe deinen Nächsten) über allen menschlichen Unterscheidungen steht.</p>

<p>Gebürtig in Petite-Roselle (Frankreich/Lothringen), wurde ich an Pfingsten 1978 von Mgr Patrick Truchemotte in Bordeaux zum Priester geweiht.<br />
Als Arbeiterpriester sowohl in Frankreich als auch im Ausland widme ich mich humanitären, sozialen und spiri&#8230;</p>
